-17
Let g(b) = -11873*b - 4 + 11874*b - 7. Give g(9).
-2
Suppose -3 = -6*j + 3*j. Let i(d) = 5*d**2 + 1 + 0 + d**3 - 5 - 9*d - j. What is i(-6)?
13
Let d(v) = 2 + 4 - 7 - v**2 - 3*v. Let y be 4 + (6/(-3) - 3). Determine d(y).
1
Suppose i + 5 = -0*i. Let b(r) = r**3 + 7*r**2 + 11*r. Let f be b(-3). Let h(m) = -66*m**2 - 9*m + 5 + 65*m**2 + f*m. What is h(i)?
10
Let i(f) = 3*f + 11. Let r(h) = 5*h + 16. Let j(m) = -8*i(m) + 5*r(m). Let k(n) = n**2 + 7*n. Let z be k(-8). Give j(z).
0
Suppose -2*c = -10*c - 120. Let a(f) = f**3 + 14*f**2 - 14*f + 13. Give a(c).
-2
Let a(v) = v**2 + 7*v + 7. Let y(k) = -k**2 + 4*k + 3. Let u be y(4). Suppose 3*p = -6 + u. Let o be (p - 0)/(1/5). Give a(o).
-3
Let p(x) = -7*x + 113. Let a be p(15). Let w(u) = -2*u**2 + 14*u + 8. Determine w(a).
-8
Let d(u) = u - 4. Let o be d(8). Let s(g) = -1 + g - 2*g - 4*g + o*g. Suppose -9*v - 24 - 21 = 0. Determine s(v).
4
Let k(c) = c**2 + c + 3 - 2*c + 0*c - 8. Let g = -491 + 487. Calculate k(g).
15
Let z(t) = -20*t**3 + 13*t**2 + 4*t - 13. Let i(u) = -11*u**3 + 7*u**2 + 2*u - 7. Let y(p) = -11*i(p) + 6*z(p). Calculate y(-2).
-9
Suppose p = 2*p + 4. Let q be (16/20)/(p/(-10)). Let w(z) = q - 8 + 1 + z**2 - 5*z + 10*z. What is w(-4)?
-9
Let m be 15/(-20) - 510/(-40). Let o(z) = z**3 - 12*z**2 - z + 17. Give o(m).
5
Let t(k) = -4*k**2 - 2*k + 1. Suppose 37*y = 32*y + 10. Determine t(y).
-19
Let q(y) = -y**3 - 9*y - 2*y**2 + 2*y**2 - 6 - 7*y**2. Suppose 0 = 5*t - 4 + 34. Calculate q(t).
12
Suppose 3*k + 0*k = 3*l + 24, -k + 2*l = -13. Let a(i) = i**3 - 3*i**2 - 3*i - 8. Let c(h) = 2. Let p(v) = -a(v) - 5*c(v). Give p(k).
7
Let f = 251 - 251. Let p(x) = -x**2 + x + 29. Calculate p(f).
29
Let s(f) be the first derivative of -3*f**4/2 + f**3/3 - f**2/2 + 11. Let q(x) = -x - 5. Let m be q(-6). Give s(m).
-6
Let v be 34/8 - 1/4. Let w(i) be the first derivative of -7/2*i**2 + 5*i + 2 + 1/3*i**3. Calculate w(v).
-7
Let u(j) be the first derivative of -j**4/4 - 2*j**3 + 3*j**2/2 + 5*j - 4. Let b(z) = z**3 + 6*z**2 - 3*z - 6. Let m(y) = -4*b(y) - 3*u(y). Determine m(-6).
-9
Suppose 4*o + 0*o = -4*y + 68, 84 = 5*o + 4*y. Let u(w) = -w**2 + 18*w - 32. Calculate u(o).
0
Let h = -17 - -15. Let b be h + ((-3)/(-1) - 2). Let i(k) = -4*k**3 - 2*k - 1. Determine i(b).
5
Let x(y) = 3*y**2 + 3*y. Let b(f) = -f - 1. Let r(i) = -2*i - 2. Let k(o) = o. Let j be k(-3). Let l(g) = j*r(g) + 5*b(g). Let p be l(-3). Determine x(p).
6
Let g(m) be the first derivative of m**2/2 - 3*m - 2. Let d(r) = r**2 - 15*r + 43. Let a be d(12). What is g(a)?
4
Let o be ((-2)/4)/(3/6). Suppose -2*v - 4*g + 5 = -7, 0 = 3*v - 2*g - 58. Let w(t) = 37 - 21 + 8*t - v. Determine w(o).
-8
Let f(u) = -u**2 + 3*u - 3. Let v be 3 - (-7 + 3 + 4). Calculate f(v).
-3
Let c(t) be the third derivative of -t**5/60 + t**4/4 - t**3 - 3*t**2 + 6. Let l = -38 - -43. Give c(l).
-1
Suppose -3*z = 2*z - 10. Let g(r) = -r + 9. Let q(s) = 7. Let h(u) = -3*g(u) + 4*q(u). What is h(z)?
7
Let w(y) be the first derivative of 2*y**3/3 - y**2/2 + 2*y - 178. Calculate w(-4).
38
Let b(i) = i**2 - 16*i + 45. Let g be b(7). Let p(j) = -j**3 - 19*j**2 - 18*j - 19. Determine p(g).
-19
Suppose 2*m + 2*m = 0. Let b(p) be the second derivative of -p**3/3 - 54*p. Let r be b(m). Let w(y) = y + 12. What is w(r)?
12
Let c(v) = 3 - 2*v - v + 2*v. Let m = -1 - -7. What is c(m)?
-3
Let o(g) = 3*g**2 - g + 1. Let j = -16 + 15. Let m = j + 4. Suppose 4*t = 3*w + m*t + 2, 2*w + t = 7. Determine o(w).
3
Suppose 23 = 2*q - 3*j, -4*q - 2 = 4*j + 2. Let u(s) = 10*s**3 + 5 - 20*s**3 + s - q + s**2 + 0. Give u(-1).
11
Suppose 0 = -5*b + b + 2*z + 12, 5*b + 3*z = 4. Let g(h) = h**3 - 3*h**2 + 2*h. Give g(b).
0
Suppose -2*a = -4, 3*a = -0*h - h + 12. Let v(m) = -5*m + 5*m**2 - 1 + h - 6 + m**3. Let r be v(-6). Let t(f) = -f**2 - 8*f + 7. Calculate t(r).
14
Let y(a) be the third derivative of a**5/60 + 11*a**4/24 + 2*a**3/3 - 110*a**2. Give y(-10).
-6
Let n(h) = -h**2 + 5*h + 84 - 257 + 174. Determine n(8).
-23
Let v(o) be the third derivative of -1/3*o**4 - 27*o**2 + 0*o + 0 - 1/60*o**5 + 5/6*o**3. Determine v(-7).
12
Let p(u) be the second derivative of 0 + 0*u**2 - 1/6*u**3 + 7*u. Let d = -18 + 14. Determine p(d).
4
Suppose 0 = 2*s - 4*j - j - 9, -4 = 4*j. Let k(d) = -d**s - 2 + 4*d + 4*d + 2*d - 7*d. What is k(4)?
-6
Let j(n) be the third derivative of n**4/12 - 4*n**3/3 - 15*n**2. Let z(k) be the first derivative of -k**2 + 7*k + 4. Let f(w) = 4*j(w) + 5*z(w). Give f(-3).
9
Let y = -7 + 12. Let j(x) be the second derivative of 5/6*x**3 + 0 - x**2 - 19*x - 1/12*x**4. What is j(y)?
-2
Let o(q) = -8*q + 4. Let a(k) = -3*k + 1. Let x(h) = 3*a(h) - o(h). Give x(6).
-7
Let q(n) be the first derivative of -2*n**2 + 1. Let i be (4 + -11 + 12)*6/15. Determine q(i).
-8
Let j(u) be the first derivative of -3*u**4/4 + u**3/3 - u**2 + u + 9. Determine j(1).
-3
Let i(d) = -d**2 - 2*d + 2. Let s(m) = 21*m - 66. Let n be s(3). What is i(n)?
-1
Let w(f) = -f**3 - 28*f**2 - 37*f - 274. Let i be w(-27). Let c(d) = 0 + 7 + 6*d - 3 + d**2 - 4*d. Determine c(i).
12
Let j(y) = y**2 - 7*y - 4*y + 8*y + 2 + y. What is j(5)?
17
Let d(p) = 11*p**2 + 66*p + 5. Let t be d(-6). Let h(a) = 4*a - 11. Determine h(t).
9
Let k(z) be the first derivative of -z**5/60 + z**4/4 + 2*z**3/3 + 7. Let t(d) be the third derivative of k(d). Give t(5).
-4
Let y(m) = m - 9. Let l(h) = -2*h**2 - 6*h + 27. Let i be l(-5). Give y(i).
-2
Let p(n) = -3*n**2 - 3. Suppose 1 = 3*y + 4*g - 12, -4*y + 2*g + 10 = 0. Determine p(y).
-30
Suppose 2*s + 0 = -4. Let u(t) be the second derivative of -2*t**3/3 + 3730*t. Give u(s).
8
Suppose 18*z - 205 = -133. Let n(v) = v**2 - 5*v. Give n(z).
-4
Let k(h) = -h + 10. Let z be k(9). Let f(q) be the first derivative of q**4/4 + 2*q**3/3 - q**2 + q - 4. Determine f(z).
2
Suppose -13*u + 101 = 62. Let s(h) = -h - 6. What is s(u)?
-9
Let i = -32 - -34. Let p(r) = -23*r + 22*r - 2*r**i + r**2. Let u(c) = -6*c**2 - 7*c - 4. Let s(x) = 5*p(x) - u(x). What is s(-3)?
7
Let m(i) = -3*i + 24. Suppose -2*o + n + 4*n + 37 = 0, 3*o = -5*n + 18. Determine m(o).
-9
Let r(g) = g - 4. Let c(l) = -l**3 + 5*l**2 + 7*l - 7. Let a be c(6). Let m be (9 - 1) + a + 4. Let p(o) = o**2 - 11*o + 2. Let k be p(m). What is r(k)?
-2
Let l = -45 - -45. Let v(f) = l*f - 40 + f + 42 + 0*f - 2*f**3. Determine v(2).
-12
Let i(f) = -4*f**2 + 2*f - 7. Let n(t) = 7*t**2 - 5*t + 13. Let w(x) = -5*i(x) - 3*n(x). Determine w(5).
-4
Let g = 11 - 17. Let t(o) be the second derivative of -o**3/6 - 933*o. Give t(g).
6
Let v(x) be the third derivative of x**6/720 + 11*x**5/120 - x**4/12 - x**2. Let f(t) be the second derivative of v(t). Determine f(0).
11
Suppose -x - 23 = -3*q - 22, 4*q = -3*x + 10. Let r(p) = -p**3 + p**2 + 3*p - 3. Calculate r(x).
-1
Suppose -3*g = -4*g + 19. Let m = 18 - g. Let l(o) = 4*o**2 + o. Give l(m).
3
Suppose 5*g - 11 = -3*s - 0, 0 = -g - 3*s - 5. Let b(d) = 7*d**2. Let y(m) = 55*m**2 + 3*m + 3. Let z(p) = -8*b(p) + y(p). Calculate z(g).
-1
Suppose 5*n - 26 = 4. Suppose 0 = -4*f + f + 4*w + 1, 0 = -4*f - 3*w + 18. Let i(u) = -2*u + f - 2*u - 4 + n*u. Give i(4).
7
Suppose -61*a + 36*a = 200. Let h(j) = -j**3 - 8*j**2 - j + 8. Give h(a).
16
Let a(q) = -q**2 + 9*q - 6. Let p(s) = -7*s - 11. Let f be p(-2). Suppose f*k + j - 21 = -0*k, -k + 3 = -j. Determine a(k).
12
Let z(v) = -94*v**2 + 3*v - 2. Let s be z(1). Let i = s - -90. Let k(p) = 2*p**2 + p + 2. Give k(i).
17
Let n(d) be the second derivative of d**7/2520 - d**6/144 + d**5/40 + 13*d**4/12 - 8*d. Let r(b) be the third derivative of n(b). Calculate r(5).
3
Let k(n) = 8*n - 8. Let i(p) = -3*p + 3. Let h(g) = -11*i(g) - 4*k(g). Let w(m) = 3*m - 9. Let c = -20 + 19. Let d(v) = c*w(v) + 9*h(v). What is d(1)?
6
Let o(i) be the second derivative of i**3/6 - 45*i**2/2 + 194*i + 2. Determine o(14).
-31
Let p(h) = -37 + 0*h + 70 - 74 - h. Calculate p(0).
-41
Suppose 2*n + 8 = -2*y, -22*y - 22 = -18*y + 2*n. Let j(p) = 3*p + 24. Determine j(y).
3
Let m(u) be the second derivative of -u**3/6 - 7*u**2/2 + 52*u. What is m(-3)?
-4
Let r(i) = 4*i + 1. Let a(h) = -4*h - 1. Let s(k) = -4*a(k) - 3*r(k). Suppose -3*f + 4 = -5. Suppose -3*j + 11 = f*m + 2, -5*j = -10. Calculate s(m).
5
Let o(z) = 12*z - 2. Let k(r) = 8*r - 1. Let x be (-1260)/(-162) + 4/18. Let m(d) 